he highest common factor of 7 and x.
7
Let x = -579 - -976. Suppose 0 = -4*r - 3*b + x, -3*r + 0*r + 296 = 4*b. Let q(n) = 33*n - 1673. Let w be q(51). What is the greatest common factor of w and r?
10
Let w = -8 + -10. Let h be (25/(-15))/(2/w). Suppose 6*z - 45 = 3*z. Calculate the highest common divisor of h and z.
15
Suppose w = 3*w + 3*z + 5, 0 = -5*z - 25. Suppose 2*s - 2*k = 450, -3*s - w*k + 671 = -4*k. What is the greatest common divisor of s and 56?
56
Suppose -2*d + 4*s - 16 = -52, -2*d = 5*s - 36. Calculate the highest common factor of 2 and d.
2
Suppose 17 + 21 = 3*i + 5*x, 28 = 2*i + 2*x. Let a = i - 16. Let v be -4 - (a + -4 + -6). Calculate the greatest common factor of 9 and v.
3
Let p be (-1305)/(-255) - 2/17. Suppose 0 = 3*g + p*z - 30, 5*g = 3*g - 4*z + 20. Calculate the highest common factor of g and 70.
10
Suppose 0 = 2*v + 202 - 364. Calculate the highest common divisor of v and 621.
27
Let u(h) = h**2 + 5*h + 15. Let k(t) = -t**3 + 4*t**2 - 2*t - 4. Let f be k(4). Let c be u(f). Calculate the greatest common factor of c and 11.
11
Suppose 3*j + 4*q - 3*q = 2684, -2692 = -3*j + q. What is the highest common divisor of j and 14?
14
Let y be -49 + 58 - 1*-1. Suppose 37 = q + 3*k, 5*k - 198 = -5*q + 3*k. Calculate the highest common divisor of q and y.
10
Let m be 2*2 - (-49 + -46). Calculate the highest common divisor of m and 9.
9
Let n be (-16)/12*3/(-2). Suppose n*r = 316 + 64. What is the greatest common divisor of r and 10?
10
Suppose 648 = 65*h - 53*h. What is the highest common divisor of h and 378?
54
Suppose 4*f + 187 = -3*y + 895, 3*f + 2*y - 532 = 0. Suppose 0 = f*z - 179*z - 100. Calculate the highest common divisor of 10 and z.
10
Let d(f) = 8*f + 16. Let r be d(-4). Let c = r + 22. Suppose -z + 2*a = z - 70, a + 95 = 3*z. Calculate the highest common factor of c and z.
6
Let h be (-90)/(-8) + (-3)/12. Let q = 18 - h. Suppose q*o = 2*o + 20. What is the greatest common factor of 20 and o?
4
Let w = 737 - 577. What is the greatest common divisor of 8 and w?
8
Let d(h) = h - 4. Let r be d(3). Let g be (-1 - 2)/(r/6). Let m be g + (-2 + 2)/3. What is the greatest common divisor of 180 and m?
18
Let i be (105/(-9))/(-7) - 4/6. Let s be i/(-6) - 62/(-12). What is the greatest common divisor of 15 and s?
5
Suppose -4*n + 387 + 138 = l, l = -5*n + 655. Calculate the highest common divisor of 10 and n.
10
Suppose -5*m = 4*r + 12, -3*m + 0*r = -r + 14. Let x be m + (-255)/(-3) - -3. What is the greatest common divisor of 21 and x?
21
Suppose -5*u = -59 - 26. Suppose 0 = -13*k + u*k - 220. What is the highest common divisor of 5 and k?
5
Suppose -3*g + 2*w + 66 = 5*w, 0 = -w + 2. Calculate the highest common divisor of g and 4.
4
Let k be (-204)/(-20 - -8) + -11. What is the highest common divisor of k and 24?
6
Let s(k) = k**2 - 4. Let c be s(3). Let r be (-10)/(-4)*66*8/24. What is the greatest common divisor of c and r?
5
Let k = 6 + 2. Let d be 3 + (-4)/((-4)/127). Let w = d + -66. What is the greatest common factor of k and w?
8
Let k(h) = -2*h**2 - 307*h + 3*h**2 + 323*h + 34. Let j be k(-17). Calculate the highest common divisor of 51 and j.
51
Let o = -4 - -13. Let k be 4/3*o/6. Suppose 30 = k*g + 2*b, 21 = g + 3*b - 4. What is the greatest common divisor of g and 2?
2
Let h = -122 - -863. What is the highest common factor of h and 156?
39
Suppose 0 = -3*m - 5*k - 85, -3*k = -3*m + 7*m + 128. Let q = -21 - m. What is the greatest common factor of 7 and q?
7
Let q = -118 + 26. Let v = q + 161. Suppose 3*b - 2 = -4*c + 156, -2*c + 194 = 4*b. What is the highest common divisor of b and v?
23
Let j(h) = 7*h + 65. Let s be j(-9). What is the highest common factor of 22 and s?
2
Let c = 7 - 17. Let q be (54/(-8))/(c/440). Suppose -q = -3*a - 0*a. Calculate the highest common factor of a and 11.
11
Suppose 965 = 3*o - 5*m, -4*m - m - 20 = 0. Calculate the greatest common factor of o and 5.
5
Let y = -12 + 23. Let r be -5 - ((-1)/(-2) + 6/12). Let t(o) = o**2 + 5*o - 5. Let v be t(r). What is the greatest common factor of y and v?
1
Suppose 0 = -5*j - 0*j - 1410. Let p be (-18)/63 + j/(-7). Let h be -4 - -2*(2 - -4). What is the greatest common divisor of p and h?
8
Suppose 0 = -2*v - r + 309, 4*v - 454 - 158 = 4*r. What is the highest common factor of v and 110?
22
Suppose -6*p + 1140 = 13*p. Let z = -21 - -44. Let i = z - 11. Calculate the greatest common divisor of i and p.
12
Suppose 5*u + 0*a + 3*a + 5 = 0, 2*u + 4*a + 16 = 0. Suppose 0 = 6*q - 2*q - u*w - 368, 5*q + 2*w - 442 = 0. What is the highest common factor of 18 and q?
18
Let j = -2 - -7. Let x(a) = a**2 - 8*a + 6. Let h be x(4). Let k = 25 + h. What is the highest common factor of k and j?
5
Suppose i - 2*c = 8 + 21, 2*c - 79 = -3*i. What is the greatest common factor of 513 and i?
27
Suppose 4 = -7*z + 32. Let b be (15 + 42)*z/3. Calculate the highest common divisor of 57 and b.
19
Suppose -4*v + 5*j + 156 = j, -v + 59 = 3*j. What is the greatest common factor of 33 and v?
11
Let n(o) be the third derivative of 5/24*o**4 - 8*o**2 + 0*o - 1/60*o**5 + 0 + 1/6*o**3. Let c be n(5). What is the greatest common divisor of 1 and c?
1
Let j(t) = 145*t + 2. Let r be j(1). Let u = r - 63. What is the greatest common divisor of u and 42?
42
Let h be 21 + -3 + -4 + (-7 - -8). Calculate the greatest common divisor of h and 795.
15
Let b = -339 + 359. What is the greatest common divisor of 16 and b?
4
Let b = 1282 + -995. What is the greatest common factor of 7 and b?
7
Let s be 1 - (3 - (-4)/(-4)). Let v be (-1 - 0)/s*20. What is the highest common divisor of 140 and v?
20
Suppose 0*i = -5*i + 15. Let w = 7927 + -7926. What is the greatest common factor of i and w?
1
Let r be (-266)/76*3406/(-7). What is the greatest common factor of r and 13?
13
Suppose -3*a + 2341 - 154 = 0. What is the greatest common divisor of a and 81?
81
Let j = -8 - -96. Suppose 4 = -4*y + 8. Let p be (y*-6)/((-21)/28). Calculate the greatest common divisor of j and p.
8
Suppose 0 = 12*r - 1954 + 610. Calculate the highest common divisor of r and 272.
16
Suppose -3*r + 18 = 3*f, -3*r + r + 5*f = -5. Suppose -10 = -3*b + 2*c, 5 + 3 = -b - r*c. What is the greatest common factor of 20 and b?
2
Suppose 3*v + 51*z - 1092 = 48*z, -5*v + 1820 = -z. What is the highest common factor of 455 and v?
91
Let i be 2106/156 + (1 - 6/4). What is the greatest common factor of i and 3?
1
Suppose 11 = 5*q - 194. Calculate the highest common factor of 164 and q.
41
Suppose 291 = 2*q + q. Suppose -5*h = 4*o + 4 - q, 3*h + 144 = 5*o. Let y be (-6)/o + (-816)/(-27). What is the greatest common factor of y and 10?
10
Suppose -2*f = 2, s - 9*f = -4*f + 338. Let r = s - 197. What is the highest common factor of r and 34?
34
Let m be (5 - 5)/(4/2). Suppose -2*t - 29 = -3*c - 5, -c - 4*t - 6 = m. What is the highest common factor of 12 and c?
6
Let s = 18 + -20. Let a be 141/2 - s/(-4). Let w be ((-16)/40)/((-1)/a). Calculate the highest common divisor of 4 and w.
4
Let z be (1/(2/(-2)) - -3) + 4. What is the greatest common factor of z and 258?
6
Suppose 5*x = 3*i + 1931, 199 + 956 = 3*x - 3*i. Calculate the highest common divisor of 873 and x.
97
Suppose 12*c = 9*c + 6. Suppose 0*p - q = c*p - 68, 0 = -4*p - 4*q + 140. What is the greatest common factor of 11 and p?
11
Suppose 6*a - 77 = 43. What is the highest common factor of a and 10?
10
Let r be (-3)/1*-1*95/15. What is the greatest common divisor of 209 and r?
19
Let c be (45/(-10) + 4)*-2. Let y be 31 - ((1 - -1) + c). Suppose 0 = -k - x + 9, -3*k - 3*x - x = -y. Calculate the greatest common divisor of k and 88.
8
Suppose p - 7 = -v, 0*p + p = 5*v - 5. Suppose -3*l + 222 = -p*l. Let q = l + 255. What is the greatest common divisor of q and 18?
18
Let u = -164 + -46. Let r = -12 - u. Calculate the highest common factor of 22 and r.
22
Suppose 3*c + 405 = 3*z - 0*z, -2*c - 675 = -5*z. What is the highest common divisor of z and 15?
15
Let m(q) = -q**3 - 4*q**2 + 8*q + 3. Let w(l) = -l - 1. Let v be w(4). Let c be m(v). Let p = -8 - c. What is the greatest common divisor of 32 and p?
4
Let r(w) = -72*w - 231. Let i be r(-5). What is the greatest common factor of 43 and i?
43
Suppose -46 = -5*g - 5*n + 154, 4*g + 3*n - 156 = 0. Suppose -31*d = -20*d - 1980. C